he remainder when 900 is divided by 10.
0
Calculate the remainder when 155 is divided by 12.
11
Calculate the remainder when 7076 is divided by 22.
14
What is the remainder when 28 is divided by 7?
0
What is the remainder when 68 is divided by 20?
8
What is the remainder when 209 is divided by 57?
38
What is the remainder when 172 is divided by 35?
32
What is the remainder when 147 is divided by 50?
47
What is the remainder when 619 is divided by 123?
4
Calculate the remainder when 274 is divided by 263.
11
Calculate the remainder when 18 is divided by 13.
5
Calculate the remainder when 4569 is divided by 83.
4
What is the remainder when 178 is divided by 23?
17
What is the remainder when 292 is divided by 122?
48
Calculate the remainder when 497 is divided by 122.
9
Calculate the remainder when 117 is divided by 59.
58
Calculate the remainder when 22 is divided by 3.
1
Calculate the remainder when 155 is divided by 40.
35
What is the remainder when 122 is divided by 42?
38
Calculate the remainder when 4161 is divided by 12.
9
Calculate the remainder when 263 is divided by 62.
15
What is the remainder when 1060 is divided by 107?
97
Calculate the remainder when 668 is divided by 10.
8
What is the remainder when 31 is divided by 21?
10
Calculate the remainder when 824 is divided by 7.
5
What is the remainder when 8158 is divided by 85?
83
What is the remainder when 6044 is divided by 144?
140
What is the remainder when 65 is divided by 5?
0
What is the remainder when 236 is divided by 46?
6
Calculate the remainder when 1380 is divided by 38.
12
What is the remainder when 70 is divided by 13?
5
Calculate the remainder when 373 is divided by 11.
10
What is the remainder when 146 is divided by 5?
1
Calculate the remainder when 89 is divided by 28.
5
Calculate the remainder when 12230 is divided by 151.
150
Calculate the remainder when 400 is divided by 101.
97
Calculate the remainder when 73 is divided by 16.
9
Calculate the remainder when 3161 is divided by 51.
50
Calculate the remainder when 1177 is divided by 98.
1
Calculate the remainder when 1889 is divided by 14.
13
What is the remainder when 948 is divided by 25?
23
What is the remainder when 799 is divided by 20?
19
Calculate the remainder when 10951 is divided by 9.
7
What is the remainder when 5004 is divided by 65?
64
What is the remainder when 291 is divided by 23?
15
Calculate the remainder when 2238 is divided by 443.
23
What is the remainder when 4124 is divided by 103?
4
What is the remainder when 9113 is divided by 217?
216
What is the remainder when 2924 is divided by 101?
96
Calculate the remainder when 324 is divided by 25.
24
What is the remainder when 108 is divided by 34?
6
What is the remainder when 298 is divided by 171?
127
Calculate the remainder when 903 is divided by 113.
112
What is the remainder when 125 is divided by 14?
13
What is the remainder when 18 is divided by 7?
4
What is the remainder when 36 is divided by 32?
4
Calculate the remainder when 2208 is divided by 18.
12
Calculate the remainder when 250 is divided by 85.
80
Calculate the remainder when 171 is divided by 24.
3
Calculate the remainder when 1498 is divided by 50.
48
Calculate the remainder when 1195 is divided by 92.
91
What is the remainder when 529 is divided by 89?
84
What is the remainder when 73 is divided by 26?
21
What is the remainder when 739 is divided by 133?
74
What is the remainder when 4385 is divided by 2190?
5
What is the remainder when 102 is divided by 4?
2
What is the remainder when 365 is divided by 46?
43
What is the remainder when 587 is divided by 56?
27
What is the remainder when 293 is divided by 154?
139
Calculate the remainder when 321 is divided by 289.
32
Calculate the remainder when 1630 is divided by 86.
82
Calculate the remainder when 78 is divided by 14.
8
Calculate the remainder when 11976 is divided by 3986.
18
Calculate the remainder when 13 is divided by 2.
1
Calculate the remainder when 103 is divided by 8.
7
What is the remainder when 286 is divided by 48?
46
Calculate the remainder when 1676 is divided by 43.
42
Calculate the remainder when 557 is divided by 10.
7
Calculate the remainder when 4045 is divided by 44.
41
Calculate the remainder when 53 is divided by 20.
13
Calculate the remainder when 150 is divided by 3.
0
Calculate the remainder when 101 is divided by 53.
48
What is the remainder when 1861 is divided by 38?
37
What is the remainder when 49 is divided by 17?
15
Calculate the remainder when 26 is divided by 17.
9
Calculate the remainder when 194 is divided by 39.
38
What is the remainder when 303 is divided by 100?
3
What is the remainder when 7589 is divided by 22?
21
What is the remainder when 593 is divided by 22?
21
Calculate the remainder when 24 is divided by 7.
3
Calculate the remainder when 526 is divided by 22.
20
What is the remainder when 1207 is divided by 39?
37
What is the remainder when 176 is divided by 14?
8
Calculate the remainder when 155 is divided by 24.
11
What is the remainder when 3744 is divided by 743?
29
Calculate the remainder when 16 is divided by 16.
0
What is the remainder when 3706 is divided by 29?
23
What is the remainder when 2348 is divided by 10?
8
What is the remainder when 175 is divided by 44?
43
What is the remainder when 1506 is divided by 222?
174
What is the remainder when 362 is divided by 47?
33
Calculate the remainder when 69 is divided by 43.
26
Calculate the remainder when 2955 is divided by 139.
36
What is the remainder when 286 is divided by 24?
22
Calculate the remainder when 195 is divided by 77.
41
What is the remainder when 19 is divided by 3?
1
Calculate the remainder when 5825 is divided by 67.
63
What is the remainder when 152 is divided by 77?
75
What is the remainder when 716 is divided by 135?
41
What is the remainder when 102 is divided by 21?
18
What is the remainder when 226 is divided by 40?
26
Calculate the remainder when 81 is divided by 70.
11
Calculate the remainder when 65 is divided by 29.
7
Calculate the remainder when 208 is divided by 99.
10
What is the remainder when 1281 is divided by 119?
91
Calculate the remainder when 53 is divided by 11.
9
Calculate the remainder when 85 is divided by 16.
5
Calculate the remainder when 169 is divided by 58.
53
Calculate the remainder when 33 is divided by 5.
3
Calculate the remainder when 89 is divided by 5.
4
What is the remainder when 151 is divided by 5?
1
What is the remainder when 1122 is divided by 125?
122
Calculate the remainder when 1084 is divided by 85.
64
Calculate the remainder when 511 is divided by 11.
5
What is the remainder when 1017 is divided by 20?
17
What is the remainder when 16 is divided by 14?
2
Calculate the remainder when 807 is divided by 45.
42
Calculate the remainder when 345 is divided by 170.
5
Calculate the remainder when 4832 is divided by 124.
120
Calculate the remainder when 2436 is divided by 106.
104
What is the remainder when 198 is divided by 30?
18
Calculate the remainder when 1053 is divided by 4.
1
Calculate the remainder when 590 is divided by 20.
10
What is the remainder when 120 is divided by 84?
36
What is the remainder when 100 is divided by 89?
11
Calculate the remainder when 11453 is divided by 46.
45
Calculate the remainder when 6793 is divided by 309.
304
What is the remainder when 149 is divided by 52?
45
Calculate the remainder when 27 is divided by 6.
3
What is the remainder when 57 is divided by 34?
23
What is the remainder when 8536 is divided by 2130?
16
Calculate the remainder when 88 is divided by 3.
1
What is the remainder when 2209 is divided by 144?
49
What is the remainder when 201 is divided by 14?
5
What is the remainder when 231 is divided by 24?
15
What is the remainder when 2237 is divided by 31?
5
Calculate the remainder when 335 is divided by 75.
35
Calculate the remainder when 71 is divided by 39.
32
Calculate the remainder when 520 is divided by 314.
206
What is the remainder when 17 is divided by 4?
1
What is the remainder when 44 is divided by 18?
8
Calculate the remainder when 14 is divided by 11.
3
What is the remainder when 698 is divided by 197?
107
Calculate the remainder when 416 is divided by 57.
17
Calculate the remainder when 10475 is divided by 